-54. Calculate the remainder when l is divided by w.
82
Suppose 19*q - 1202 = 1553. What is the remainder when q is divided by 53?
39
Calculate the remainder when 146 is divided by (1485/(-45))/(14/(-4) + 2).
14
Suppose -10*m - 4*c = -7*m - 2341, -c + 1564 = 2*m. What is the remainder when m is divided by 23?
1
Calculate the remainder when (-1139)/(-5) + 4/(-5) is divided by 40.
27
Calculate the remainder when (-8 - -5)/((-4)/168) is divided by 27.
18
Suppose -5*x + 3176 = -4*p, x - 3*p - 305 - 328 = 0. Calculate the remainder when 1929 is divided by x.
21
Suppose -x - r + 10 = 0, -x + 5*x - 3*r = 40. Let w be (8/(-10))/(-5 + (-161)/(-35)). Let q(c) = -4*c + 10. Calculate the remainder when x is divided by q(w).
0
Let q(h) = -h**3 - 5*h**2 - 69*h - 840. What is the remainder when 11129 is divided by q(-9)?
104
Let t(c) = c**3 - 3*c**2 - c - 8. Let s be t(4). Suppose 5*w - 137 = 2*l, -26 = -s*l - 10. Let h = 50 + -35. Calculate the remainder when w is divided by h.
14
Let d(y) be the first derivative of -2*y**2 + 15*y + 1. Suppose 1426 = -143*h + 568. Calculate the remainder when 116 is divided by d(h).
38
Let a = 130248 - 130104. Suppose 2*j - 232 = -5*b, -b - j = b - 93. What is the remainder when a is divided by b?
6
Let x(z) = 7*z**3 - 3*z**2 + z - 1. Let w(j) = j**3 - j**2. Let t(y) = 3*w(y) - x(y). Calculate the remainder when t(-2) is divided by 3.
2
Let q(y) = 10*y + 5. Suppose 0 = -m + 2*m - 25. Suppose -5*g = 5*f - m, -f - 4 = -5*g + 3*g. What is the remainder when q(f) is divided by 10?
5
Let g(w) = 4*w**2 + 163*w - 1157. What is the remainder when g(7) is divided by 21?
12
Let n = 258 + -258. Suppose -4*j + 3*f + 101 = n, 0 - 1 = -f. What is the remainder when j is divided by 3?
2
Let v = -1915 - -1888. Let x be (36 - 2)/(4/6). Let k = x + v. What is the remainder when 43 is divided by k?
19
Calculate the remainder when 697 is divided by (-37400)/(-1275) - (-10)/(-3).
21
Let p(n) = -10*n + n**2 + n - 4*n + 6*n - 32. Calculate the remainder when 1 + (-209 + -1)/(-2) is divided by p(12).
22
Calculate the remainder when 223 is divided by (-2)/((-4)/(-6))*8815/(-129).
18
Suppose 4*z - 102 = -58. What is the remainder when (-45)/21 + 39243/889 is divided by z?
9
Suppose -16*o = -30*o + 126. What is the remainder when (-6447)/(-189) + (-1)/o - -5 is divided by 24?
15
Let w(m) = -4*m**2 - 379*m - 560. What is the remainder when 95 is divided by w(-93)?
4
Suppose 0 = -w + 4*l + 3 - 13, -2*w + 4*l - 8 = 0. Suppose w*z - f = 1027, 6*f = -z + 3*f + 510. Calculate the remainder when z is divided by 43.
40
Let f = -151 + 362. Let p = f - 180. Calculate the remainder when 58 is divided by p.
27
Let q(b) = -b**3 + 5*b**2 + 9*b + 10. Let d be q(7). Let k = -60991 - -61125. Calculate the remainder when k is divided by -2 - d - 0/2.
19
Suppose -2*o + 300 = 3*o + 5*y, 5*o = -4*y + 302. Calculate the remainder when o is divided by -44*(47/(-376) + 4/(-32)).
7
Let i(g) = -g + 5. Let u(k) = -k**3 + 71*k**2 - 200*k - 223. Calculate the remainder when u(68) is divided by i(-7).
1
Let b(d) = 1294 + 12*d - 641 + 231*d**2 - 642. What is the remainder when b(-1) is divided by 13?
9
Suppose 5*q + 2*f = -0*f + 405, -247 = -3*q - 2*f. Let l(g) = -23*g**2 - 103*g - 34. What is the remainder when q is divided by l(-4)?
9
Let p be (142/(-4))/(1/2). Let u = -66 - p. Suppose -t + 0*t + 2*j + 21 = 0, -3*t - u*j + 96 = 0. What is the remainder when t is divided by 11?
5
Suppose -1152 = -14*l + 2*l. Suppose 27*d - l = 3*d. What is the remainder when 4 is divided by d?
0
Suppose -5*t + f - 4*f + 35 = 0, 4*f = 0. Calculate the remainder when 5/5 - (-97 + -1) - 4 is divided by t.
4
Suppose -4*q = -3*s - 221, q - 5*q = -4*s - 228. Calculate the remainder when 351 is divided by q.
1
Suppose -164*q = -208*q + 3168. What is the remainder when 156 is divided by q?
12
Let u = -1554 + 1585. What is the remainder when 52 is divided by u?
21
Let w(b) = 25*b**2 + 231*b - 932. Calculate the remainder when w(4) is divided by 79.
76
Let b(s) = 2*s**2 + 21*s + 9. Let p be b(-10). Let w be 0 + 36 + p*(0 - 2). Let y = -34 + w. What is the remainder when 17 is divided by y?
1
Suppose -4*s - 152 = -4*n, 2*s - 52 = -0*n - 2*n. What is the remainder when 1629 is divided by n?
29
Let y be ((0 - -2)*1)/2. Suppose -5*h = 72*w - 71*w - 103, 0 = -3*h - 3*w + 45. What is the remainder when (0 + y)*-43*-3 is divided by h?
19
Suppose 15*m + 0*m = 1424 + 12601. What is the remainder when m is divided by 7?
4
Let r = 431 + -281. Suppose 0 = -10*a + 100 + r. Let o = 11 + 3. What is the remainder when a is divided by o?
11
Let k(l) = -l**2 + 18*l - 2. Let a be k(13). Suppose -27*g + 22*g + 5*i = -75, 0 = 4*g - 3*i - a. Calculate the remainder when 449 is divided by g.
17
Suppose -8*m = 15 + 1. Calculate the remainder when 43 is divided by 10 - -2 - (m + 2).
7
Let w(j) = 13*j + 641. What is the remainder when 710 is divided by w(-24)?
52
Let y(w) = -4*w**2 - 342*w - 458. What is the remainder when 12511 is divided by y(-84)?
45
Suppose 2*q + 2*i - 4374 = 20838, -63021 = -5*q - 2*i. Calculate the remainder when q is divided by 191.
188
Let w = 22923 - 22913. Calculate the remainder when 1828 is divided by w.
8
Let l(k) = 2*k**3 - 10*k**2 - k - 15. Let n be l(8). Suppose n - 95 = 2*d. What is the remainder when d is divided by 34?
31
Let q = -847 - -1309. What is the remainder when q is divided by 64?
14
Calculate the remainder when (-11)/((-132)/(-84)) - -56 is divided by 28.
21
Let x(t) = -2*t**2 - 22*t + 32. Let r(m) = 2*m**2 + 22*m - 34. Let c(o) = 2*r(o) + 3*x(o). Calculate the remainder when c(-10) is divided by 13.
9
Let b(s) = s**2 - 127*s + 1224. What is the remainder when 760 is divided by b(119)?
216
Let l = 1878 - 1178. Suppose -14*t = -24*t + l. What is the remainder when t is divided by 24?
22
Suppose 2*m - 301 = -4*p - m, p + 5*m = 71. Suppose 314 + p = 3*t. What is the remainder when t is divided by 33?
31
Let x(o) = o**2 - 9*o + 16. Let k be x(4). Let b be 4*((-390)/(-42) + k/14). Suppose 4*t = 24 + b. What is the remainder when 25 is divided by t?
10
Suppose 8*w - 770 = 1414. Suppose -26*o + 29*o = w. Let l = o + 60. Calculate the remainder when l is divided by 39.
34
Let g(x) be the first derivative of -x**2 - 19*x + 14. Suppose 6*n = 3*n + 66. Calculate the remainder when n is divided by g(-12).
2
Suppose 60374 - 78720 - 75374 = -88*u. What is the remainder when u is divided by 88?
9
Let t be 30/9*9/6. Let v(z) = 2*z**2 + 5*z - 6. Calculate the remainder when v(t) is divided by (54/4)/(21/56).
33
Let a be 2410/(-14) + -5 + (-2)/(-14). Calculate the remainder when (28/210)/((-1)/5)*a is divided by 15.
13
Suppose -3*i - 3*a + 1227 = -609, 1249 = 2*i - 3*a. Calculate the remainder when i is divided by (97 - 35)*(25/10 - 2).
28
Let f(i) = 55 + 56 - 26 + 4*i + 2. What is the remainder when 110 is divided by f(-16)?
18
Suppose -5*i = -0*i - 2*u - 68, 0 = i + 5*u - 19. What is the remainder when (-209)/(-19) - (1 - 100) is divided by i?
12
Let y be (-146055)/364 + (-2)/(-8). Let x = 522 + y. What is the remainder when x is divided by 62*(-1)/(-2)*1?
28
What is the remainder when 352 is divided by -6*((-63360)/54)/22?
32
Let t = -8 - -71. Suppose 162*d = -38*d + 24200. What is the remainder when d is divided by t?
58
Let i = -28989 + 30326. What is the remainder when i is divided by 65?
37
Suppose -3*v = -0*v - 5*i + 2622, -5*i - 4370 = 5*v. Let y = 978 + v. Calculate the remainder when y is divided by 25.
4
Let b(f) = f - 51. Let t be b(16). Let r = 74 + t. What is the remainder when r is divided by 17?
5
Suppose 32*u + 31254 - 57907 = 45667. Calculate the remainder when u is divided by 28.
20
Suppose -3*m - 3*o = 2*o - 269, -85 = -m + 3*o. What is the remainder when m is divided by (-150)/(-225)*18/21 - 660/(-21)?
24
Suppose 0 = 106*h + 27*h - 52402. Calculate the remainder when h is divided by 44.
42
Let l = -354 - -678. Let i = l - 317. Calculate the remainder when 440 is divided by i.
6
Suppose 1348 + 2009 = -9*j. Let n = j + 441. What is the remainder when 271 is divided by n?
67
Let h = 1469 + -910. Calculate the remainder when h is divided by 137.
11
Suppose -5*a - 20 = -3*f, -4*f - 6*a + 2*a = 16. Suppose f = -5*k + 3*p + 258, 3*k - 92 = 4*p + 65. What is the remainder when k is div